6)?
9
Suppose -181 = 5*m - 971. What is the tens digit of (m/1)/((-2)/(-4 + 3))?
7
Let g = -47 + 52. Suppose g*f + 40 = 9*f. What is the tens digit of f?
1
Let k = 108 - 192. Let l = 55 + k. Let y = l + 55. What is the tens digit of y?
2
Let i = -115 - -170. What is the units digit of i?
5
Let a(d) be the third derivative of 0 + 5*d**2 - 1/2*d**3 + 1/24*d**4 + 1/60*d**5 + 0*d. What is the units digit of a(-4)?
9
Suppose -4*m = -2*f + 40, -3*m - 25 = 3*f - 4. What is the tens digit of m/(-36) + (-950)/(-8)?
1
Let v be 8 - ((-5)/5 + 5). Suppose -v*y - 3*h = -y - 66, -3*y + 68 = h. What is the units digit of y?
3
Let u be 2*6/4 + 185. Let m be (-5)/25 - u/10. What is the tens digit of -3*16/(-12) - m?
2
Let l be (2/4)/1 - (-45)/10. Suppose 0 = -4*b + 3*j + 301, -l*b + j + 163 = -205. What is the tens digit of b?
7
Suppose 4*l + 5*d = 7393, 0 = l - 27*d + 25*d - 1858. What is the hundreds digit of l?
8
Let j(t) = t**3 + 11*t**2 - 17*t - 23. Let l be j(-11). Suppose 0 = -2*o - c + 160, 0*o + 2*c = -2*o + l. What is the units digit of o?
8
Let q be 3/(-9)*3 - -3. Suppose 3*s - q = 7. Suppose -24 = -s*p + 5*m, 0 = 2*p - 3*m + m - 12. What is the units digit of p?
3
Suppose 4*r - 15 = -3. Suppose 2*p - 31 = -r*n, -2*p + 3*n + 3 - 2 = 0. What is the units digit of p?
8
Let g = 16950 + -23830. What is the tens digit of 4/(-14) + g/(-70)?
9
What is the tens digit of (1 + -7 + -136)*(-1 + -2)?
2
What is the units digit of 0 + (-6)/(-21) - (-9928)/238?
2
Let h(c) = 14*c - 68. Suppose 50 - 350 = -15*n. What is the units digit of h(n)?
2
Suppose 3*h - 4812 = -36. What is the thousands digit of h?
1
Let q = -16 - 0. Let m = 16 + q. Suppose 5*b - 4*f - 245 = -m*b, b + 3*f = 30. What is the units digit of b?
5
Suppose g = -4, -3*l - 2*l + 3*g = -27. Let t be (-8)/2 + -3 + l. Let c = t - -29. What is the units digit of c?
5
Let h(t) = -2*t - 43. Let g(z) = 3*z + 43. Let c(i) = -3*g(i) - 4*h(i). Suppose 6 = y - 12. What is the tens digit of c(y)?
2
Let i be ((-7)/7)/(1/(-5)). Suppose -5*k = -5 - 5. Suppose -5*w + 3*g + 56 = 0, k*w - i*g = -2*g + 26. What is the units digit of w?
0
Let w(v) = v + 201. Let x be w(0). Suppose 3*k - 5*i = k + 54, 4*i - x = -5*k. Let b = k + -21. What is the units digit of b?
6
Suppose -31*t + 26*t = -1935. What is the tens digit of t?
8
Let g(f) = f**2 - f + 1. Suppose 4*s = 3*s - 14. Let v = 14 + s. What is the units digit of g(v)?
1
Let b(h) = -h + 5. Let z be b(4). Let a be 40/(-10) + (17 - z). Suppose 0 = 2*g, -j + a - 3 = -3*g. What is the units digit of j?
9
Let d(f) = -f**2 + 12*f - 8. Let m(p) = -5*p**2 + 61*p - 41. Let i(c) = 11*d(c) - 2*m(c). Suppose -4 - 38 = -6*t. What is the units digit of i(t)?
5
Suppose 396 = -9*r + 11*r. Suppose 5*o - 207 = r. What is the tens digit of o?
8
Let d = -10 + 19. Suppose -2*n + 4*m = n - 56, 5*n + 2*m = 76. Let p = n - d. What is the units digit of p?
7
Suppose 5*f - 402 = 198. Suppose 2*x = 4*p + 12, -3*p = -6*p. Suppose -d = -x*d + f. What is the tens digit of d?
2
Suppose -555 = 24*s - 29*s. What is the units digit of s?
1
Suppose 15*h - 3126 = 13*h. What is the hundreds digit of h?
5
Let b(j) = j + 1. Let m be b(1). Suppose -3 = -m*n + 1. What is the units digit of -2*(-2 + (-3)/n)?
7
Let v = 2418 - 1568. What is the tens digit of v?
5
Let k(f) = 2*f**3 - 23*f**2 + 29*f - 6. What is the units digit of k(12)?
6
Let i(b) = -61*b - 102. What is the tens digit of i(-10)?
0
Suppose -2*n = 3*t + 83 - 551, -3*t = 6. Let u = 400 - n. What is the hundreds digit of u?
1
Let m(v) = -v**3 + 2*v**2 + 4*v. Let u be m(-3). Suppose 53 + u = 2*j. What is the units digit of j?
3
Suppose 17 = 2*i + 7. Suppose -i*g + 0 = -50. Suppose 79 = l + g. What is the units digit of l?
9
Let q be 215490/135 + 2/(-9). Suppose q = 10*z - 3*z. What is the hundreds digit of z?
2
Let q(m) = -m**2 - 4*m - 6. Let t be q(-4). Let h(w) = -w**3 - 3*w**2 + 2*w + 3. Let j be h(-3). What is the units digit of (-24)/(-27)*j*t?
6
Suppose 0*j - b = 4*j - 1365, 5*j = b + 1704. What is the hundreds digit of j?
3
Let r(a) = 289*a**3 + 2*a**2 - 4. What is the tens digit of r(2)?
1
Let g = 3530 + -2232. What is the thousands digit of g?
1
Suppose -3*u = 4*j - 10, j - 4 = -0*j. What is the hundreds digit of u*(10 + -5 - 135)?
2
What is the units digit of (-4)/(-22) - (-343104)/528?
0
Let q = 360 + 90. What is the tens digit of q?
5
Let d(v) = -v**2 - v - 1. Let a be d(-2). What is the tens digit of 672/26 + ((-111)/39 - a)?
2
Let v(n) be the second derivative of 41*n**4/6 - n**3/2 + n**2 + 3*n. Suppose 0 = 5*i - y - 8, -4*i = y + 4*y + 11. What is the tens digit of v(i)?
8
Let x(v) = -179*v - 4. Let d be x(-2). Suppose 5*s - d = 2*s. What is the units digit of s?
8
Let h(v) = 40*v + 5. Let x(u) = -u**3 + 8*u**2 - 12*u + 2. Let o be x(6). What is the units digit of h(o)?
5
Suppose 6 = -3*b + 5*b. Suppose -3 = b*s, 618 = 5*m - 2*s + 1. What is the hundreds digit of m?
1
What is the hundreds digit of 31500/(-24)*(-4)/6?
8
Let n(t) = -13*t - 11. Let i be n(-7). Suppose g = 2 + i. What is the units digit of g?
2
Let a = -75 - -78. Suppose -2 = -b + 3*u + a, 5*b + 2*u - 25 = 0. What is the units digit of b?
5
Let y = 5 - 8. Let w be y/(-6)*(3 + 1). Suppose 2*r - 88 = -w*r. What is the tens digit of r?
2
Suppose -o + 2*o - 15 = 0. Let y(b) = -6*b - 4. Let s be y(-4). Let a = s - o. What is the units digit of a?
5
Let o be (-8)/5*15/3. Let m = -14 - o. Let u = m - -12. What is the units digit of u?
6
Suppose 455 = 4*h + 2*c - 5*c, -2*c = -4*h + 450. What is the units digit of h?
0
What is the tens digit of (-968)/(-3) + (-38)/(-114)?
2
Let o(i) = 3*i - 17. Let j be o(9). Suppose 5*c - 14 = -3*x, -4*c - c - j = 0. What is the units digit of x?
8
Suppose 4*u + 2*z = u + 3371, 2*u - 2260 = 5*z. What is the tens digit of u?
2
Suppose -3*a + 228 = 3*l, 2*a + 0*l - 140 = l. Suppose 0 = -0*p - p - 34. Let h = p + a. What is the tens digit of h?
3
Suppose -5*b - 10 = -10*b. Suppose 3 + 1 = 2*t, -4*d + 320 = b*t. What is the tens digit of d?
7
Let r(m) = 6*m + 4. Let f be r(8). Let a(k) = k**3 - k**2 + 3*k + 1. Let y be a(-2). Let w = y + f. What is the tens digit of w?
3
Let s(y) = -14*y - 1. Suppose 0 = 2*z + 1 - 7. Suppose 0 = n + z*n + 4. What is the tens digit of s(n)?
1
Suppose -4*w - x + 15 = 0, -5*x - 30 = -5. Suppose f - w + 3 = 0. Suppose -4*m + f*v = -3*v - 139, 3*v = 15. What is the units digit of m?
1
Suppose 0 = -2*a + n + 7933, 0 = 3*a + 4*n + 1886 - 13802. What is the hundreds digit of a?
9
What is the hundreds digit of 140/(-6)*(-2040)/80?
5
Suppose 4 = -4*p + 16. Let m(n) = -2 + 3 - 403*n + 399*n - n**3 + 5*n**2. What is the units digit of m(p)?
7
Suppose 3*y + 15 = -5*s, -2*s = 3*s - 3*y - 15. Suppose 2*g - 15 - 13 = s. What is the tens digit of g?
1
Let q(h) = h + 2. Let o be q(6). Let d(a) = -8 - 5 + 6 - 4*a - o. What is the units digit of d(-11)?
9
What is the units digit of 21/((-441)/(-67998)) - (-2)/(-1)?
6
Suppose -p + 0*p - 2 = 0, -3*u + 2*p + 82 = 0. What is the units digit of (1 + -2 + u)*1?
5
Suppose -3*z - 2012 = -u, 71*u = 66*u + 5*z + 10090. What is the hundreds digit of u?
0
Let u = -101 - -107. Suppose u*z - 800 = -62. What is the units digit of z?
3
Let t = -165 + 329. What is the tens digit of t?
6
Let h(m) = -m - 14. Let p be h(-15). Let u = 3 + p. Suppose -f + 3*l + 10 = 0, -8 - 22 = -3*f - u*l. What is the tens digit of f?
1
Let f be ((-2)/3)/((-20)/15)*2. What is the tens digit of 176 - 3 - 2/f?
7
Let w(q) = 8*q**2 - 5*q + 8. What is the tens digit of w(11)?
2
Suppose -2*o + 1 = 2*v + 7, -4*o = 5*v + 12. Suppose -4*x + 8 = v, -3*r - 18 + 148 = -4*x. What is the units digit of r?
6
Let c(i) = -187*i - 42. What is the units digit of c(-2)?
2
What is the thousands digit of ((-1633)/4 + 5 - -6)*-4?
1
Suppose 0 = -d + 2*p, 2*d + 4*p - 13 - 11 = 0. Let z be 9/(-2)*(-64)/d. Suppose 4*m = 4*x + 5*m - z, -m + 22 = 2*x. What is the units digit of x?
3
Suppose 0 = o - 3*o - 5*z + 106, 0 = 4*o - z - 190. Let l = 175 + o. What is the units digit of l?
3
Suppose h = 2*k - 432, -3*k + 13*h = 11*h - 649. What is the hundreds digit of k?
2
Suppose 0*y + 90 = 2*y. Suppose 5*q = 2*h + 9*q - 40, 4 = 2*h - 5*q. Suppose c + 3*c - h = -2*o, 4*o - y = -c. What is the tens digit of o?
1
Suppose 4*q = 3*r - 26, -3*r + 2*q = -2 - 14. S